actors of y?
2, 83
What are the prime factors of 602*(-535*(-4)/80 - (-15)/(-12))?
3, 7, 17, 43
Suppose 1480 = -16*q - 1896. Let f = q - -344. What are the prime factors of f?
7, 19
Suppose 0 = 128*f + 53*f - 5530998. List the prime factors of f.
2, 3, 11, 463
Suppose 5*p - 1150 = 2*o, 117 = p - 5*o - 136. Suppose 2*d = -3*j + 659, j + p = 2*j - d. What are the prime factors of j?
223
Suppose 21056 = 5*a + 3*a. Suppose 4*v + a = 8*v. What are the prime factors of v?
2, 7, 47
Suppose 122496 = -11*r + 43*r. What are the prime factors of r?
2, 3, 11, 29
Suppose 4*p - 19*s = -24*s + 41159, 4*s = 3*p - 30846. What are the prime factors of p?
2, 37, 139
Let f = -656 + 1118. List the prime factors of f.
2, 3, 7, 11
Let l(t) = -t**3 + 2*t**2 + 17*t + 4. Let k be l(5). What are the prime factors of 791/6 - k/(-84)?
2, 3, 11
Let d(v) = 198*v + 15225. List the prime factors of d(181).
3, 17021
Suppose -5*h - 2*q = 1931, -4*h - 5*q + 397 = -5*h. Let o = h + 680. List the prime factors of o.
293
Suppose -11*g + 15363 + 994 = 0. List the prime factors of g.
1487
Suppose -2*f = 17*f. Suppose f = -4*j - 7 + 203. List the prime factors of j.
7
Let i(u) be the first derivative of -u**4/4 - 7*u**3/3 - 5*u**2/2 - 11*u + 4. Let p(l) = -l**2 - 4*l - 2. Let f be p(-5). What are the prime factors of i(f)?
2, 3
Let u be ((-270)/(-24))/9*-12. List the prime factors of 3 + 292 - (u - -13).
3, 11
Suppose 11*r - 847 - 374 = 0. What are the prime factors of (r/(-9))/((-10)/120)?
2, 37
Suppose 4*z = -0*j - 2*j + 54, -3*j = 3. Suppose z = 5*s - s + c, -5*c = -10. Suppose -s*l = l - 700. What are the prime factors of l?
5, 7
Suppose 50*t - 49*t - 35 = 0. Let d(h) = h**3 - 6*h**2 + 8*h - 8. Let k be d(5). Suppose t + 42 = k*g. List the prime factors of g.
11
Let d(o) = 19*o**2 + 11*o + 31*o - 82*o**3 + 81*o**3 + 5. Let l be d(21). Suppose b = 6*b + l, -5*x + 4*b = -104. List the prime factors of x.
2, 5
Let c be 35/((-237)/78 - -3) - 3. Let t = -343 - c. List the prime factors of t.
2, 3, 5, 19
Suppose -4*g + a + 24981 = 8259, 18 = 3*a. List the prime factors of g.
2, 3, 17, 41
Let j be 87/((-144)/(-28) + -5). Let i = j - 191. What are the prime factors of i?
2, 11, 19
Let v = 21 + -9. Let c(d) = -27*d + 24 + 12*d**2 + 6*d**2 + d**3 - 10*d**2 - 17*d**2. What are the prime factors of c(v)?
2, 3, 11
Suppose q - 103 = -2*y - 28, 0 = 3*q - 2*y - 233. What are the prime factors of q?
7, 11
Let p(t) = -t**2 + 51*t + 41. Let g be p(46). Let m = 570 - g. List the prime factors of m.
13, 23
Let n be (2*(-1)/3)/(18/(-6885)). Suppose s - n = 365. List the prime factors of s.
2, 5, 31
Suppose 0 = 4*x + 8, -5119 = -4*c + 2*x + 2565. Suppose 4*p + 4*v = c, -v - 844 - 1550 = -5*p. List the prime factors of p.
479
Suppose 33*o + 36339 = -11*o + 317587. What are the prime factors of o?
2, 17, 47
Suppose -y = -2*y + 4*m + 4, y - m = 4. Suppose -y*u + 2*u = -w - 284, -4*u + 5*w + 568 = 0. Let n = u + -3. List the prime factors of n.
139
Suppose 0 = -2*h + 271 - 265, 5*z + h = 236273. List the prime factors of z.
2, 23627
Let f be (-7)/(147/14) + 112/6. List the prime factors of (-18)/(-15)*9405/f.
3, 11, 19
Let k(o) be the first derivative of o**2 + 8*o - 18. Let r be k(3). List the prime factors of (-3 + 4/(16/r))*42.
3, 7
Let m(q) = q**3 - 4*q**2 + 2*q - 2. Let j be m(3). Let b(h) = 38*h + 23. Let f be b(j). Let r = 286 + f. List the prime factors of r.
7, 17
Suppose 26*m - 29*m - 162015 = -3*l, -216092 = -4*l - 5*m. List the prime factors of l.
54013
Let c(u) = 1012*u - 409. What are the prime factors of c(4)?
3, 1213
Let c(a) = 944*a + 14676. List the prime factors of c(47).
2, 29, 509
Let d be 1 + 1 - (6 - (-42)/(-6)). Suppose d*q - 16 = 2*q - 3*u, 2*q = 2*u. Suppose -4*s + 9*s = -q*f + 908, -9 = 3*f. List the prime factors of s.
2, 23
Suppose -13*h - 8*h + 142056 = -13*h. What are the prime factors of h?
3, 1973
Let m be 105*(-4 - (-11)/(110/48)). Let g = 92 - m. Suppose z - s - 24 = 0, z + 2 = -5*s + g. What are the prime factors of z?
3, 7
Suppose 6*h + 0 = 168. List the prime factors of (29 - h)/(2/742).
7, 53
Let b = -162 - -159. What are the prime factors of -6 - ((-12)/b - 451)?
3, 7
Let r(b) = -b**2 + 7*b - 3. Let a be r(6). Let y(f) = 531*f + 24. Let p be y(a). Suppose 0 = 8*m - 19*m + p. List the prime factors of m.
3, 7
Suppose 1584 = 10*c + c. Let g be (3 - 1)*(c/4)/(-2). What are the prime factors of ((g/(-8))/3)/((-3)/(-170))?
5, 17
Let r = 506 - -3676. Suppose 9*c - r = 3*c. What are the prime factors of c?
17, 41
Let h(d) = d**3 + d**2 - 3*d + 1. Let u be h(-3). Let b(p) = -p**2 + 31*p - 78. Let o be b(6). List the prime factors of (-334)/u - (-18)/o.
2, 3, 7
Suppose 4*v = 4*z + 7839 + 28949, 5*v - 45987 = 6*z. List the prime factors of v.
3, 5, 613
Suppose -3*k - 5*d = -12830, 4*k = -89*d + 87*d + 17116. List the prime factors of k.
2, 5, 107
Let u(h) = 3*h**2 + 135*h + 484. List the prime factors of u(74).
2, 13451
Suppose -73*s + 344 = -69*s. Let k = 643 + s. List the prime factors of k.
3
What are the prime factors of (-6)/(-336) + 2/16 - 969714/(-21)?
61, 757
Suppose 7*r - 5*c - 30 = 6*r, -4*r + 5*c = -60. Suppose r*y - 33901 = -19*y. List the prime factors of y.
7, 167
Suppose 14*o - 2723 = 2093. Let q = 571 - o. List the prime factors of q.
227
Suppose 6*w - 50*w = -750200. List the prime factors of w.
2, 5, 11, 31
Let l be ((-2)/(-6))/((-1)/(-6)). Suppose 0 = -9*f + 415 + 53. Suppose -f = -l*a + 132. What are the prime factors of a?
2, 23
Let o = 48 - 99. Let v(s) = 8*s + 13. Let q be v(8). Let j = q + o. List the prime factors of j.
2, 13
Suppose -13 = 10*x - 33. Suppose x*j - 379 = -5*o + 161, 0 = -4*j + 5*o + 1110. List the prime factors of j.
5, 11
Let o(a) = a**2 + 42*a - 48. Let p be o(21). Suppose 7*j = p + 1021. List the prime factors of j.
2, 41
Let d(s) = 5*s**2 - 10*s - 190. List the prime factors of d(38).
2, 5, 7, 19
Let t(k) = 8*k + 369. Let g be (0/(-5 - -2))/(6 + -4). List the prime factors of t(g).
3, 41
Let m = -10239 - -18096. What are the prime factors of m?
3, 97
Suppose 4*w = 9*w. Suppose 4*r - 3*r + 99 = w. Let p = r - -157. What are the prime factors of p?
2, 29
Let s = -871 + 1545. Suppose 4*d = -5*q + 696 + 658, 0 = 2*d + q - s. List the prime factors of d.
2, 3, 7
Let g(s) = 35*s + 27. Let a = -435 - -460. List the prime factors of g(a).
2, 11, 41
Let q(w) = -w**3 + 46*w**2 + 315*w + 84. What are the prime factors of q(40)?
2, 3, 619
Let z be 28/(-42) - (-5)/(15/2). Suppose -3*o + 2754 = -z*o. List the prime factors of o.
2, 3, 17
Let z(y) be the first derivative of -y**2 + 36*y + 3171. Suppose 0 = 2*l, -4*l = -5*d + l - 35. What are the prime factors of z(d)?
2, 5
Suppose -54*u = -49*u - 2*d - 80602, 0 = 2*u - 14*d - 32188. List the prime factors of u.
2, 3, 2687
Suppose -2*s - 2*p = -39 - 83, -2*p - 277 = -5*s. Let y = s - -68. What are the prime factors of y?
5
Let u = 28748 + -14435. List the prime factors of u.
3, 13, 367
Let t(u) = 2*u**2 + 22*u - 16. Let w be t(-30). Suppose -2*q - 16*b + w = -13*b, -3*b = 12. What are the prime factors of q?
2, 71
Let z be (-12)/8*-14 - 3. Let t = z - 14. Suppose -4*h - a = -441, -h - t*h + 5*a = -570. List the prime factors of h.
3, 37
Suppose 12*o + 24 = 16*o. Let s be (3/o - -2)*28/35. Suppose -p + 2*d + 80 = 0, 2*d + s*d - 16 = 0. List the prime factors of p.
2, 11
Let h be (159 - 6/(-6)) + -5. Suppose -1086 = -m - h. What are the prime factors of m?
7, 19
Suppose 24811 - 2491 = 10*u. Suppose 2*b - u = 324. List the prime factors of b.
2, 3, 71
Let l = 353 + -351. List the prime factors of (2290/(-30) + l)*(-2 - 1).
223
Let j(c) = 1172*c**2 - 394*c + 14. What are the prime factors of j(2)?
2, 19, 103
Let r be (1/(-1 + 0))/((-158)/168744). List the prime factors of 3/(8 + -2)*r.
2, 3, 89
Suppose -2*f = 4*r - 106948, -2*f - 3*r + 68030 = -38912. What are the prime factors of f?
2, 26731
Let y(u) = -6*u - 20. Let t be y(-4). What are the prime factors of 2/t*37*2?
37
Let a = 5967 + -3817. What are the prime factors of a?
2, 5, 43
Let f = 51 - 52. Let c be (-8)/44*f - 20/(-11). Suppose 180 = c*t + 2*b + b, -3*t = 2*b - 280. List the prime factors of t.
2, 3
Suppose b + 3*b - 2312 = 4*g, 2*g - 6 = 0. Let m = b - 21. List the prime factors of m.
2, 5, 7
Let x be (21/42)/(1/1594). List the prime f